{"id":17846,"date":"2023-09-08T19:54:45","date_gmt":"2023-09-08T17:54:45","guid":{"rendered":"http:\/\/www.trabajodeprocesos.net\/?post_type=tdp_event&#038;p=17846"},"modified":"2023-11-29T13:59:29","modified_gmt":"2023-11-29T11:59:29","slug":"las-violencias-sexuales","status":"publish","type":"tdp_event","link":"https:\/\/www.trabajodeprocesos.net\/es\/event\/las-violencias-sexuales\/","title":{"rendered":"Las violencias sexuales"},"content":{"rendered":"\n<p><strong>Aproximaci\u00f3n desde el Trabajo de Procesos<\/strong><\/p>\n\n\n\n<p>Las violencias sexuales son experiencias que hist\u00f3ricamente se han visto y sostenido en silencio e individualmente, pero que son fruto de la cultura de la violencia, del machismo y el patriarcado.&nbsp;<\/p>\n\n\n\n<p>En este seminario proponemos aproximarnos desde la perspectiva del trauma que nos aporta el Trabajo de Procesos, haciendo un recorrido que empieza por los impactos en primera persona de estas violencias, con una propuesta de ejercicio que nos da apoyo interno. Seguiremos con la comprensi\u00f3n de los roles del trauma y dando espacio a los impactos colectivos. Finalizaremos dibujando las bases para su abordaje.<\/p>\n\n\n\n<p><\/p>\n\n\n\n<p><strong>EN ESTE SEMINARIO VEREMOS:<\/strong><\/p>\n\n\n\n<p>1.&nbsp;&nbsp;&nbsp;&nbsp;&nbsp;La teor\u00eda b\u00e1sica del trabajo de procesos aplicada a las violencias sexuales<\/p>\n\n\n\n<p>2.&nbsp;&nbsp;&nbsp;&nbsp;&nbsp;La perspectiva del trauma desde el trabajo de procesos<\/p>\n\n\n\n<p>3.&nbsp;&nbsp;&nbsp;&nbsp;&nbsp;Ejercicios de trabajo interior que nos apoyen en abordar las violencias sexuales<\/p>\n\n\n\n<p>4.&nbsp;&nbsp;&nbsp;&nbsp;&nbsp;Ejercicios de trabajo grupal para la comprensi\u00f3n de los roles del trauma<\/p>\n\n\n\n<p>5.&nbsp;&nbsp;&nbsp;&nbsp;&nbsp;Bases para el abordaje de las violencias sexuales.&nbsp;<\/p>\n\n\n\n<p><strong>OBJETIVOS:<\/strong><\/p>\n\n\n\n<p>1)&nbsp;&nbsp;&nbsp;&nbsp;&nbsp;Tener un primer contacto del abordaje de las violencias sexuales desde la mirada de trabajo de procesos&nbsp;<\/p>\n\n\n\n<p>2)&nbsp;&nbsp;&nbsp;&nbsp;&nbsp;Poner conciencia en el impacto de las violencias sexuales en nuestras vidas y en la sociedad.&nbsp;<\/p>\n\n\n\n<p><strong>\u00bfQU\u00c9 TRABAJAREMOS EN EL SEMINARIO?<\/strong><\/p>\n\n\n\n<p>Trabajaremos c\u00f3mo aplicar la mirada de trabajo de procesos&nbsp;a las violencias sexuales y c\u00f3mo nos podemos preparar para poder sostener este tipo de violencias.&nbsp;<\/p>\n\n\n\n<p>Ser\u00e1 un seminario con una parte te\u00f3rica y otra vivencial, de ejercicios y trabajo individuales, relacionales y grupales.&nbsp;<\/p>\n\n\n\n<p><strong>\u00bfA QUI\u00c9N LE PUEDE INTERESAR ASISTIR?<\/strong><\/p>\n\n\n\n<p>1)&nbsp;&nbsp;&nbsp;&nbsp;&nbsp;a personas que les interese el Trabajo de Procesos<\/p>\n\n\n\n<p>2)&nbsp;&nbsp;&nbsp;&nbsp;&nbsp;a&nbsp;agentes educativos, profesorado, monitoras de tiempo libre, personas que trabajan acompa\u00f1ando o apoyando a personas que hayan atravesado alguna violencia sexual. &nbsp;<\/p>\n\n\n\n<p>3)&nbsp;&nbsp;&nbsp;&nbsp;&nbsp;personas con inter\u00e9s especial sobre las violencias sexuales<\/p>\n\n\n\n<p><strong>Bio de las FACILITADORAS:<\/strong><\/p>\n\n\n\n<p><strong>Eva Sanchez&nbsp;<\/strong><\/p>\n\n\n\n<p>Ha trabajado acompa\u00f1ando en diferentes servicios de atenci\u00f3n a personas que viven o han vivido violencias sexuales (SIE, Casa Acogida de violencia, CRAES,&#8230;) tanto con personas adultas como infancia y adolescencia. Es co-creadora de los foros abiertos del proyecto \u00abInercia\u00bb sobre el abuso sexual infantil y ha participado en diferentes proyectos facilitando entorno al tema.<\/p>\n\n\n\n<p>Se dedica al acompa\u00f1amiento individual y de pareja, apoyando el empoderamiento y el crecimiento, as\u00ed como tambi\u00e9n acompa\u00f1ando las experiencias dolorosas, dif\u00edciles y\/o de trauma, descubriendo formas creativas de abordaje para hallar nuevos horizontes. Tambi\u00e9n&nbsp;le apasiona dedicar parte de su tiempo a&nbsp;facilitar grupos y apoyarles&nbsp;en su camino de crecimiento&nbsp;y cambio, poniendo especial foco en la toma de conciencia del uso del poder.<\/p>\n\n\n\n<p>Actualmente forma parte de la facultad local de la Escuela de Trabajo de Procesos , as\u00ed&nbsp;como de la facultad de Deep Democracy Institute.&nbsp;Su pasi\u00f3n por el Trabajo de Procesos la llev\u00f3 a diplomarse en ambas escuelas paralelamente en 2019.&nbsp;<\/p>\n\n\n\n<p>&nbsp;<strong>Inma Pascual<\/strong>&nbsp;<\/p>\n\n\n\n<p>Est\u00e1 especializada en el \u00e1mbito de las violencias sexuales desde la vertiente comunitaria, habiendo hecho los \u00faltimos 6 a\u00f1os facilitaciones a colectivos y organizaciones en clave restaurativa alrededor de situaciones donde ha habido alguna agresi\u00f3n sexual. Ha participado en foros abiertos a partir de las obras de teatro \u201cInercia\u201d sobre abuso sexual infantil y \u201cLa calle es nuestra\u201d sobre acoso sexual callejero, que consiste en crear un espacio de una hora despu\u00e9s de la obra para poder hablar del impacto que generan las violencias sexuales. Ha impartido talleres con adolescentes y adultas sobre el impacto del acoso sexual callejero.&nbsp;<\/p>\n\n\n\n<p>Es coordinadora y formadora de Protocolos contra las agresiones sexuales en espacios de ocio nocturno, y especialista en \u201cPuntos lilas\u201d as\u00ed como formadora en violencias sexuales para profesionales del \u00e1mbito social. Desde hace 4 a\u00f1os, tambi\u00e9n se dedica al acompa\u00f1amiento individual con personas que han vivido violencias sexuales, desde el paradigma de Trabajo de Procesos.<\/p>\n\n\n\n<figure class=\"wp-block-embed-youtube wp-block-embed is-type-video is-provider-youtube wp-embed-aspect-16-9 wp-has-aspect-ratio\"><div class=\"wp-block-embed__wrapper\">\n<iframe loading=\"lazy\" title=\"Seminario &quot;Las violencias sexuales - una aproximaci\u00f3n desde el Trabajo de Procesos. 2024\" width=\"1337\" height=\"752\" src=\"https:\/\/www.youtube.com\/embed\/GDOhdC7P4To?feature=oembed\" frameborder=\"0\" allow=\"accelerometer; autoplay; clipboard-write; encrypted-media; gyroscope; picture-in-picture; web-share\" allowfullscreen><\/iframe>\n<\/div><figcaption>Presentaci\u00f3n de las facilitadoras del seminario \u00abLas violencias sexuales\u00bb<\/figcaption><\/figure>\n\n\n\n<p><strong>FECHAS Y HORARIOS<\/strong><\/p>\n\n\n\n<p>&#8211; Viernes 19 de enero de 17h a 20,30h o a 20h, depenent del Centre C\u00edvic.&nbsp;<\/p>\n\n\n\n<p>&#8211; S\u00e1bado 20 de enero de 10h a 14h y de 16h a 19h&nbsp;<\/p>\n\n\n\n<p>Formaci\u00f3n de 10h 30&#8242;.&nbsp;<\/p>\n\n\n\n<p>Lugar del seminario: la francesca bonamaison (Barcelona)<\/p>\n\n\n\n<p>Idioma de la formaci\u00f3n: Espa\u00f1ol<\/p>\n\n\n\n<p>Precio:&nbsp;&nbsp;Early Bird hasta el 10 de diciembre: 110\u20ac y precio despu\u00e9s: 145\u20ac<\/p>\n\n\n\n<p>Bonificable&nbsp; para trabajadores en activo por cuenta ajena a trav\u00e9s de la&nbsp;<a href=\"http:\/\/www.fundae.es\/\" target=\"_blank\" rel=\"noreferrer noopener\">Fundae (FUNDACI\u00d3N TRIPARTITA).<\/a><\/p>\n\n\n\n<p><\/p>\n","protected":false},"featured_media":18281,"template":"","class_list":["post-17846","tdp_event","type-tdp_event","status-publish","has-post-thumbnail","hentry"],"yoast_head":"<!-- This site is optimized with the Yoast SEO plugin v15.4 - https:\/\/yoast.com\/wordpress\/plugins\/seo\/ -->\n<title>Las violencias sexuales - Trabajo de Procesos<\/title>\n<meta name=\"robots\" content=\"index, follow, max-snippet:-1, max-image-preview:large, max-video-preview:-1\" \/>\n<link rel=\"canonical\" href=\"https:\/\/www.trabajodeprocesos.net\/es\/event\/las-violencias-sexuales\/\" \/>\n<meta property=\"og:locale\" content=\"es_ES\" \/>\n<meta property=\"og:type\" content=\"article\" \/>\n<meta property=\"og:title\" content=\"Las violencias sexuales - Trabajo de Procesos\" \/>\n<meta property=\"og:description\" content=\"Aproximaci\u00f3n desde el Trabajo de Procesos Las violencias sexuales son experiencias que hist\u00f3ricamente se han visto y sostenido en silencio e individualmente, pero que son fruto de la cultura de la violencia, del machismo y el patriarcado.&nbsp; En este seminario proponemos aproximarnos desde la perspectiva del trauma que nos aporta el Trabajo de Procesos, haciendo [&hellip;]\" \/>\n<meta property=\"og:url\" content=\"https:\/\/www.trabajodeprocesos.net\/es\/event\/las-violencias-sexuales\/\" \/>\n<meta property=\"og:site_name\" content=\"Trabajo de Procesos\" \/>\n<meta property=\"article:modified_time\" content=\"2023-11-29T11:59:29+00:00\" \/>\n<meta property=\"og:image\" content=\"https:\/\/www.trabajodeprocesos.net\/wp-content\/uploads\/2023\/09\/las-violencias-sexuales-verde-1.png\" \/>\n\t<meta property=\"og:image:width\" content=\"1080\" \/>\n\t<meta property=\"og:image:height\" content=\"1080\" \/>\n<meta name=\"twitter:card\" content=\"summary_large_image\" \/>\n<meta name=\"twitter:label1\" content=\"Escrito por\">\n\t<meta name=\"twitter:data1\" content=\"Admin\">\n\t<meta name=\"twitter:label2\" content=\"Tiempo de lectura\">\n\t<meta name=\"twitter:data2\" content=\"3 minutos\">\n<script type=\"application\/ld+json\" class=\"yoast-schema-graph\">{\"@context\":\"https:\/\/schema.org\",\"@graph\":[{\"@type\":\"WebSite\",\"@id\":\"https:\/\/www.trabajodeprocesos.net\/es\/#website\",\"url\":\"https:\/\/www.trabajodeprocesos.net\/es\/\",\"name\":\"Trabajo de Procesos\",\"description\":\"\",\"potentialAction\":[{\"@type\":\"SearchAction\",\"target\":\"https:\/\/www.trabajodeprocesos.net\/es\/?s={search_term_string}\",\"query-input\":\"required name=search_term_string\"}],\"inLanguage\":\"es\"},{\"@type\":\"ImageObject\",\"@id\":\"https:\/\/www.trabajodeprocesos.net\/es\/event\/las-violencias-sexuales\/#primaryimage\",\"inLanguage\":\"es\",\"url\":\"https:\/\/www.trabajodeprocesos.net\/wp-content\/uploads\/2023\/09\/las-violencias-sexuales-verde-1.png\",\"width\":1080,\"height\":1080},{\"@type\":\"WebPage\",\"@id\":\"https:\/\/www.trabajodeprocesos.net\/es\/event\/las-violencias-sexuales\/#webpage\",\"url\":\"https:\/\/www.trabajodeprocesos.net\/es\/event\/las-violencias-sexuales\/\",\"name\":\"Las violencias sexuales - Trabajo de Procesos\",\"isPartOf\":{\"@id\":\"https:\/\/www.trabajodeprocesos.net\/es\/#website\"},\"primaryImageOfPage\":{\"@id\":\"https:\/\/www.trabajodeprocesos.net\/es\/event\/las-violencias-sexuales\/#primaryimage\"},\"datePublished\":\"2023-09-08T17:54:45+00:00\",\"dateModified\":\"2023-11-29T11:59:29+00:00\",\"inLanguage\":\"es\",\"potentialAction\":[{\"@type\":\"ReadAction\",\"target\":[\"https:\/\/www.trabajodeprocesos.net\/es\/event\/las-violencias-sexuales\/\"]}]}]}<\/script>\n<!-- \/ Yoast SEO plugin. -->","_links":{"self":[{"href":"https:\/\/www.trabajodeprocesos.net\/es\/wp-json\/wp\/v2\/tdp_event\/17846","targetHints":{"allow":["GET"]}}],"collection":[{"href":"https:\/\/www.trabajodeprocesos.net\/es\/wp-json\/wp\/v2\/tdp_event"}],"about":[{"href":"https:\/\/www.trabajodeprocesos.net\/es\/wp-json\/wp\/v2\/types\/tdp_event"}],"version-history":[{"count":15,"href":"https:\/\/www.trabajodeprocesos.net\/es\/wp-json\/wp\/v2\/tdp_event\/17846\/revisions"}],"predecessor-version":[{"id":18417,"href":"https:\/\/www.trabajodeprocesos.net\/es\/wp-json\/wp\/v2\/tdp_event\/17846\/revisions\/18417"}],"wp:featuredmedia":[{"embeddable":true,"href":"https:\/\/www.trabajodeprocesos.net\/es\/wp-json\/wp\/v2\/media\/18281"}],"wp:attachment":[{"href":"https:\/\/www.trabajodeprocesos.net\/es\/wp-json\/wp\/v2\/media?parent=17846"}],"curies":[{"name":"wp","href":"https:\/\/api.w.org\/{rel}","templated":true}]}}

<p><strong>Aproximación desde el Trabajo de Procesos</strong></p>



<p>Las violencias sexuales son experiencias que históricamente se han visto y sostenido en silencio e individualmente, pero que son fruto de la cultura de la violencia, del machismo y el patriarcado.&nbsp;</p>



<p>En este seminario proponemos aproximarnos desde la perspectiva del trauma que nos aporta el Trabajo de Procesos, haciendo un recorrido que empieza por los impactos en primera persona de estas violencias, con una propuesta de ejercicio que nos da apoyo interno. Seguiremos con la comprensión de los roles del trauma y dando espacio a los impactos colectivos. Finalizaremos dibujando las bases para su abordaje.</p>



<p></p>



<p><strong>EN ESTE SEMINARIO VEREMOS:</strong></p>



<p>1.&nbsp;&nbsp;&nbsp;&nbsp;&nbsp;La teoría básica del trabajo de procesos aplicada a las violencias sexuales</p>



<p>2.&nbsp;&nbsp;&nbsp;&nbsp;&nbsp;La perspectiva del trauma desde el trabajo de procesos</p>



<p>3.&nbsp;&nbsp;&nbsp;&nbsp;&nbsp;Ejercicios de trabajo interior que nos apoyen en abordar las violencias sexuales</p>



<p>4.&nbsp;&nbsp;&nbsp;&nbsp;&nbsp;Ejercicios de trabajo grupal para la comprensión de los roles del trauma</p>



<p>5.&nbsp;&nbsp;&nbsp;&nbsp;&nbsp;Bases para el abordaje de las violencias sexuales.&nbsp;</p>



<p><strong>OBJETIVOS:</strong></p>



<p>1)&nbsp;&nbsp;&nbsp;&nbsp;&nbsp;Tener un primer contacto del abordaje de las violencias sexuales desde la mirada de trabajo de procesos&nbsp;</p>



<p>2)&nbsp;&nbsp;&nbsp;&nbsp;&nbsp;Poner conciencia en el impacto de las violencias sexuales en nuestras vidas y en la sociedad.&nbsp;</p>



<p><strong>¿QUÉ TRABAJAREMOS EN EL SEMINARIO?</strong></p>



<p>Trabajaremos cómo aplicar la mirada de trabajo de procesos&nbsp;a las violencias sexuales y cómo nos podemos preparar para poder sostener este tipo de violencias.&nbsp;</p>



<p>Será un seminario con una parte teórica y otra vivencial, de ejercicios y trabajo individuales, relacionales y grupales.&nbsp;</p>



<p><strong>¿A QUIÉN LE PUEDE INTERESAR ASISTIR?</strong></p>



<p>1)&nbsp;&nbsp;&nbsp;&nbsp;&nbsp;a personas que les interese el Trabajo de Procesos</p>



<p>2)&nbsp;&nbsp;&nbsp;&nbsp;&nbsp;a&nbsp;agentes educativos, profesorado, monitoras de tiempo libre, personas que trabajan acompañando o apoyando a personas que hayan atravesado alguna violencia sexual. &nbsp;</p>



<p>3)&nbsp;&nbsp;&nbsp;&nbsp;&nbsp;personas con interés especial sobre las violencias sexuales</p>



<p><strong>Bio de las FACILITADORAS:</strong></p>



<p><strong>Eva Sanchez&nbsp;</strong></p>



<p>Ha trabajado acompañando en diferentes servicios de atención a personas que viven o han vivido violencias sexuales (SIE, Casa Acogida de violencia, CRAES,&#8230;) tanto con personas adultas como infancia y adolescencia. Es co-creadora de los foros abiertos del proyecto «Inercia» sobre el abuso sexual infantil y ha participado en diferentes proyectos facilitando entorno al tema.</p>



<p>Se dedica al acompañamiento individual y de pareja, apoyando el empoderamiento y el crecimiento, así como también acompañando las experiencias dolorosas, difíciles y/o de trauma, descubriendo formas creativas de abordaje para hallar nuevos horizontes. También&nbsp;le apasiona dedicar parte de su tiempo a&nbsp;facilitar grupos y apoyarles&nbsp;en su camino de crecimiento&nbsp;y cambio, poniendo especial foco en la toma de conciencia del uso del poder.</p>



<p>Actualmente forma parte de la facultad local de la Escuela de Trabajo de Procesos , así&nbsp;como de la facultad de Deep Democracy Institute.&nbsp;Su pasión por el Trabajo de Procesos la llevó a diplomarse en ambas escuelas paralelamente en 2019.&nbsp;</p>



<p>&nbsp;<strong>Inma Pascual</strong>&nbsp;</p>



<p>Está especializada en el ámbito de las violencias sexuales desde la vertiente comunitaria, habiendo hecho los últimos 6 años facilitaciones a colectivos y organizaciones en clave restaurativa alrededor de situaciones donde ha habido alguna agresión sexual. Ha participado en foros abiertos a partir de las obras de teatro “Inercia” sobre abuso sexual infantil y “La calle es nuestra” sobre acoso sexual callejero, que consiste en crear un espacio de una hora después de la obra para poder hablar del impacto que generan las violencias sexuales. Ha impartido talleres con adolescentes y adultas sobre el impacto del acoso sexual callejero.&nbsp;</p>



<p>Es coordinadora y formadora de Protocolos contra las agresiones sexuales en espacios de ocio nocturno, y especialista en “Puntos lilas” así como formadora en violencias sexuales para profesionales del ámbito social. Desde hace 4 años, también se dedica al acompañamiento individual con personas que han vivido violencias sexuales, desde el paradigma de Trabajo de Procesos.</p>



<figure class="wp-block-embed-youtube wp-block-embed is-type-video is-provider-youtube wp-embed-aspect-16-9 wp-has-aspect-ratio"><div class="wp-block-embed__wrapper">
<iframe loading="lazy" title="Seminario &quot;Las violencias sexuales - una aproximación desde el Trabajo de Procesos. 2024" width="1337" height="752" src="https://www.youtube.com/embed/GDOhdC7P4To?feature=oembed" frameborder="0" allow="accelerometer; autoplay; clipboard-write; encrypted-media; gyroscope; picture-in-picture; web-share" allowfullscreen></iframe>
</div><figcaption>Presentación de las facilitadoras del seminario «Las violencias sexuales»</figcaption></figure>



<p><strong>FECHAS Y HORARIOS</strong></p>



<p>&#8211; Viernes 19 de enero de 17h a 20,30h o a 20h, depenent del Centre Cívic.&nbsp;</p>



<p>&#8211; Sábado 20 de enero de 10h a 14h y de 16h a 19h&nbsp;</p>



<p>Formación de 10h 30&#8242;.&nbsp;</p>



<p>Lugar del seminario: la francesca bonamaison (Barcelona)</p>



<p>Idioma de la formación: Español</p>



<p>Precio:&nbsp;&nbsp;Early Bird hasta el 10 de diciembre: 110€ y precio después: 145€</p>



<p>Bonificable&nbsp; para trabajadores en activo por cuenta ajena a través de la&nbsp;<a href="http://www.fundae.es/" target="_blank" rel="noreferrer noopener">Fundae (FUNDACIÓN TRIPARTITA).</a></p>



<p></p>

<!-- This site is optimized with the Yoast SEO plugin v15.4 - https://yoast.com/wordpress/plugins/seo/ -->
<title>Las violencias sexuales - Trabajo de Procesos</title>
<meta name="robots" content="index, follow, max-snippet:-1, max-image-preview:large, max-video-preview:-1" />
<link rel="canonical" href="https://www.trabajodeprocesos.net/es/event/las-violencias-sexuales/" />
<meta property="og:locale" content="es_ES" />
<meta property="og:type" content="article" />
<meta property="og:title" content="Las violencias sexuales - Trabajo de Procesos" />
<meta property="og:description" content="Aproximación desde el Trabajo de Procesos Las violencias sexuales son experiencias que históricamente se han visto y sostenido en silencio e individualmente, pero que son fruto de la cultura de la violencia, del machismo y el patriarcado.&nbsp; En este seminario proponemos aproximarnos desde la perspectiva del trauma que nos aporta el Trabajo de Procesos, haciendo [&hellip;]" />
<meta property="og:url" content="https://www.trabajodeprocesos.net/es/event/las-violencias-sexuales/" />
<meta property="og:site_name" content="Trabajo de Procesos" />
<meta property="article:modified_time" content="2023-11-29T11:59:29+00:00" />
<meta property="og:image" content="https://www.trabajodeprocesos.net/wp-content/uploads/2023/09/las-violencias-sexuales-verde-1.png" />
	<meta property="og:image:width" content="1080" />
	<meta property="og:image:height" content="1080" />
<meta name="twitter:card" content="summary_large_image" />
<meta name="twitter:label1" content="Escrito por">
	<meta name="twitter:data1" content="Admin">
	<meta name="twitter:label2" content="Tiempo de lectura">
	<meta name="twitter:data2" content="3 minutos">
<script type="application/ld+json" class="yoast-schema-graph">{"@context":"https://schema.org","@graph":[{"@type":"WebSite","@id":"https://www.trabajodeprocesos.net/es/#website","url":"https://www.trabajodeprocesos.net/es/","name":"Trabajo de Procesos","description":"","potentialAction":[{"@type":"SearchAction","target":"https://www.trabajodeprocesos.net/es/?s={search_term_string}","query-input":"required name=search_term_string"}],"inLanguage":"es"},{"@type":"ImageObject","@id":"https://www.trabajodeprocesos.net/es/event/las-violencias-sexuales/#primaryimage","inLanguage":"es","url":"https://www.trabajodeprocesos.net/wp-content/uploads/2023/09/las-violencias-sexuales-verde-1.png","width":1080,"height":1080},{"@type":"WebPage","@id":"https://www.trabajodeprocesos.net/es/event/las-violencias-sexuales/#webpage","url":"https://www.trabajodeprocesos.net/es/event/las-violencias-sexuales/","name":"Las violencias sexuales - Trabajo de Procesos","isPartOf":{"@id":"https://www.trabajodeprocesos.net/es/#website"},"primaryImageOfPage":{"@id":"https://www.trabajodeprocesos.net/es/event/las-violencias-sexuales/#primaryimage"},"datePublished":"2023-09-08T17:54:45+00:00","dateModified":"2023-11-29T11:59:29+00:00","inLanguage":"es","potentialAction":[{"@type":"ReadAction","target":["https://www.trabajodeprocesos.net/es/event/las-violencias-sexuales/"]}]}]}</script>
<!-- / Yoast SEO plugin. -->
