{"id":11273,"date":"2021-05-20T13:41:49","date_gmt":"2021-05-20T11:41:49","guid":{"rendered":"http:\/\/www.trabajodeprocesos.net\/?post_type=tdp_event&#038;p=11273"},"modified":"2021-05-23T17:51:19","modified_gmt":"2021-05-23T15:51:19","slug":"cuerpos-enfermos-la-enfermedad-como-lugar-de-poder-y-vulnerabilidad","status":"publish","type":"tdp_event","link":"https:\/\/www.trabajodeprocesos.net\/es\/event\/cuerpos-enfermos-la-enfermedad-como-lugar-de-poder-y-vulnerabilidad\/","title":{"rendered":"CUERPOS ENFERMOS: La enfermedad como lugar de poder y vulnerabilidad"},"content":{"rendered":"\n<h2 class=\"wp-block-heading\"><\/h2>\n\n\n\n<p>Este taller pretende ser un espacio donde poder traernos desde nuestros cuerpos enfermos para colocar en el centro las vivencias que nos atraviesan como personas que transitamos la(s) enfermedad(es). Un lugar que generalmente no es acogido por nuestra sociedad.<br>El objetivo de este espacio es poder generar un lugar de encuentro donde abordar las dificultades, retos y aprendizajes que la enfermedad trae consigo. Explorar c\u00f3mo a un nivel el hecho de estar enfermas nos desempodera pero c\u00f3mo tambi\u00e9n, a otros niveles, podemos encontrar un potencial profundo a trav\u00e9s de la vulnerabilidad.<br>Ser\u00e1 un taller te\u00f3rico-vivencial en el que, desde la mirada de trabajo de procesos, conectaremos con nuestro sue\u00f1o de vida y con los retos para llevarlo adelante. Traeremos consciencia de las desigualdades de rango y del privilegio capacitista para con los cuerpos enfermos. Y reconectaremos con nuestros aliados internos como fuentes de poder.<br>El taller tendr\u00e1 un formato \u00edntimo, habiendo solamente 12 plazas para el mismo.<br><br>Sobre la facilitadora:<br>Mi nombre es Mar\u00eda Rosendo y soy facilitadora de procesos desde la mirada feminista. En el a\u00f1o 2019 fui diagnosticada de Sensibilidad Qu\u00edmica M\u00faltiple. Saberme un cuerpo enfermo me ha cambiado la vida, me ha tra\u00eddo un proceso de numerosos retos y tambi\u00e9n aprendizajes, en el que camino d\u00eda a d\u00eda, a veces con mucho dolor, otras con mucha gratitud.<br>Transitar por los diferentes lugares a los que me est\u00e1 llevando la enfermedad, me ha ayudado a darme cuenta de la necesidad de tejer alianzas entre las personas enfermas, habilitando espacios para compartirnos y sanarnos, desde la profunda convicci\u00f3n de que en colectivo el dolor es m\u00e1s leve.<br>Este taller pretende ser una semilla para ese deseo de sanaci\u00f3n.<br><br>El taller ser\u00e1 v\u00eda online a trav\u00e9s de la plataforma zoom. El plazo para inscribirse termina el 26 de mayo.<\/p>\n\n\n\n<p>Para m\u00e1s informaci\u00f3n e inscripciones:<\/p>\n\n\n\n<figure class=\"wp-block-embed\"><div class=\"wp-block-embed__wrapper\">\nhttps:\/\/forms.gle\/cXjf3sj6aA2F5g218\n<\/div><\/figure>\n","protected":false},"featured_media":11324,"template":"","class_list":["post-11273","tdp_event","type-tdp_event","status-publish","has-post-thumbnail","hentry"],"yoast_head":"<!-- This site is optimized with the Yoast SEO plugin v15.4 - https:\/\/yoast.com\/wordpress\/plugins\/seo\/ -->\n<title>CUERPOS ENFERMOS: La enfermedad como lugar de poder y vulnerabilidad - Trabajo de Procesos<\/title>\n<meta name=\"robots\" content=\"index, follow, max-snippet:-1, max-image-preview:large, max-video-preview:-1\" \/>\n<link rel=\"canonical\" href=\"https:\/\/www.trabajodeprocesos.net\/es\/event\/cuerpos-enfermos-la-enfermedad-como-lugar-de-poder-y-vulnerabilidad\/\" \/>\n<meta property=\"og:locale\" content=\"es_ES\" \/>\n<meta property=\"og:type\" content=\"article\" \/>\n<meta property=\"og:title\" content=\"CUERPOS ENFERMOS: La enfermedad como lugar de poder y vulnerabilidad - Trabajo de Procesos\" \/>\n<meta property=\"og:description\" content=\"Este taller pretende ser un espacio donde poder traernos desde nuestros cuerpos enfermos para colocar en el centro las vivencias que nos atraviesan como personas que transitamos la(s) enfermedad(es). Un lugar que generalmente no es acogido por nuestra sociedad.El objetivo de este espacio es poder generar un lugar de encuentro donde abordar las dificultades, retos [&hellip;]\" \/>\n<meta property=\"og:url\" content=\"https:\/\/www.trabajodeprocesos.net\/es\/event\/cuerpos-enfermos-la-enfermedad-como-lugar-de-poder-y-vulnerabilidad\/\" \/>\n<meta property=\"og:site_name\" content=\"Trabajo de Procesos\" \/>\n<meta property=\"article:modified_time\" content=\"2021-05-23T15:51:19+00:00\" \/>\n<meta property=\"og:image\" content=\"https:\/\/www.trabajodeprocesos.net\/wp-content\/uploads\/2021\/05\/1-1.png\" \/>\n\t<meta property=\"og:image:width\" content=\"900\" \/>\n\t<meta property=\"og:image:height\" content=\"600\" \/>\n<meta name=\"twitter:card\" content=\"summary_large_image\" \/>\n<meta name=\"twitter:label1\" content=\"Escrito por\">\n\t<meta name=\"twitter:data1\" content=\"Instituto\">\n\t<meta name=\"twitter:label2\" content=\"Tiempo de lectura\">\n\t<meta name=\"twitter:data2\" content=\"1 minuto\">\n<script type=\"application\/ld+json\" class=\"yoast-schema-graph\">{\"@context\":\"https:\/\/schema.org\",\"@graph\":[{\"@type\":\"WebSite\",\"@id\":\"https:\/\/www.trabajodeprocesos.net\/es\/#website\",\"url\":\"https:\/\/www.trabajodeprocesos.net\/es\/\",\"name\":\"Trabajo de Procesos\",\"description\":\"\",\"potentialAction\":[{\"@type\":\"SearchAction\",\"target\":\"https:\/\/www.trabajodeprocesos.net\/es\/?s={search_term_string}\",\"query-input\":\"required name=search_term_string\"}],\"inLanguage\":\"es\"},{\"@type\":\"ImageObject\",\"@id\":\"https:\/\/www.trabajodeprocesos.net\/es\/event\/cuerpos-enfermos-la-enfermedad-como-lugar-de-poder-y-vulnerabilidad\/#primaryimage\",\"inLanguage\":\"es\",\"url\":\"https:\/\/www.trabajodeprocesos.net\/wp-content\/uploads\/2021\/05\/1-1.png\",\"width\":900,\"height\":600},{\"@type\":\"WebPage\",\"@id\":\"https:\/\/www.trabajodeprocesos.net\/es\/event\/cuerpos-enfermos-la-enfermedad-como-lugar-de-poder-y-vulnerabilidad\/#webpage\",\"url\":\"https:\/\/www.trabajodeprocesos.net\/es\/event\/cuerpos-enfermos-la-enfermedad-como-lugar-de-poder-y-vulnerabilidad\/\",\"name\":\"CUERPOS ENFERMOS: La enfermedad como lugar de poder y vulnerabilidad - Trabajo de Procesos\",\"isPartOf\":{\"@id\":\"https:\/\/www.trabajodeprocesos.net\/es\/#website\"},\"primaryImageOfPage\":{\"@id\":\"https:\/\/www.trabajodeprocesos.net\/es\/event\/cuerpos-enfermos-la-enfermedad-como-lugar-de-poder-y-vulnerabilidad\/#primaryimage\"},\"datePublished\":\"2021-05-20T11:41:49+00:00\",\"dateModified\":\"2021-05-23T15:51:19+00:00\",\"inLanguage\":\"es\",\"potentialAction\":[{\"@type\":\"ReadAction\",\"target\":[\"https:\/\/www.trabajodeprocesos.net\/es\/event\/cuerpos-enfermos-la-enfermedad-como-lugar-de-poder-y-vulnerabilidad\/\"]}]}]}<\/script>\n<!-- \/ Yoast SEO plugin. -->","_links":{"self":[{"href":"https:\/\/www.trabajodeprocesos.net\/es\/wp-json\/wp\/v2\/tdp_event\/11273","targetHints":{"allow":["GET"]}}],"collection":[{"href":"https:\/\/www.trabajodeprocesos.net\/es\/wp-json\/wp\/v2\/tdp_event"}],"about":[{"href":"https:\/\/www.trabajodeprocesos.net\/es\/wp-json\/wp\/v2\/types\/tdp_event"}],"version-history":[{"count":13,"href":"https:\/\/www.trabajodeprocesos.net\/es\/wp-json\/wp\/v2\/tdp_event\/11273\/revisions"}],"predecessor-version":[{"id":11327,"href":"https:\/\/www.trabajodeprocesos.net\/es\/wp-json\/wp\/v2\/tdp_event\/11273\/revisions\/11327"}],"wp:featuredmedia":[{"embeddable":true,"href":"https:\/\/www.trabajodeprocesos.net\/es\/wp-json\/wp\/v2\/media\/11324"}],"wp:attachment":[{"href":"https:\/\/www.trabajodeprocesos.net\/es\/wp-json\/wp\/v2\/media?parent=11273"}],"curies":[{"name":"wp","href":"https:\/\/api.w.org\/{rel}","templated":true}]}}

<h2 class="wp-block-heading"></h2>



<p>Este taller pretende ser un espacio donde poder traernos desde nuestros cuerpos enfermos para colocar en el centro las vivencias que nos atraviesan como personas que transitamos la(s) enfermedad(es). Un lugar que generalmente no es acogido por nuestra sociedad.<br>El objetivo de este espacio es poder generar un lugar de encuentro donde abordar las dificultades, retos y aprendizajes que la enfermedad trae consigo. Explorar cómo a un nivel el hecho de estar enfermas nos desempodera pero cómo también, a otros niveles, podemos encontrar un potencial profundo a través de la vulnerabilidad.<br>Será un taller teórico-vivencial en el que, desde la mirada de trabajo de procesos, conectaremos con nuestro sueño de vida y con los retos para llevarlo adelante. Traeremos consciencia de las desigualdades de rango y del privilegio capacitista para con los cuerpos enfermos. Y reconectaremos con nuestros aliados internos como fuentes de poder.<br>El taller tendrá un formato íntimo, habiendo solamente 12 plazas para el mismo.<br><br>Sobre la facilitadora:<br>Mi nombre es María Rosendo y soy facilitadora de procesos desde la mirada feminista. En el año 2019 fui diagnosticada de Sensibilidad Química Múltiple. Saberme un cuerpo enfermo me ha cambiado la vida, me ha traído un proceso de numerosos retos y también aprendizajes, en el que camino día a día, a veces con mucho dolor, otras con mucha gratitud.<br>Transitar por los diferentes lugares a los que me está llevando la enfermedad, me ha ayudado a darme cuenta de la necesidad de tejer alianzas entre las personas enfermas, habilitando espacios para compartirnos y sanarnos, desde la profunda convicción de que en colectivo el dolor es más leve.<br>Este taller pretende ser una semilla para ese deseo de sanación.<br><br>El taller será vía online a través de la plataforma zoom. El plazo para inscribirse termina el 26 de mayo.</p>



<p>Para más información e inscripciones:</p>



<figure class="wp-block-embed"><div class="wp-block-embed__wrapper">
https://forms.gle/cXjf3sj6aA2F5g218
</div></figure>
