{"version":"1.0","provider_name":"Trabajo de Procesos","provider_url":"https:\/\/www.trabajodeprocesos.net\/es\/","title":"Pre-Inscripci\u00f3n A\u00f1o Base Madrid 2026 - Trabajo de Procesos","type":"rich","width":600,"height":338,"html":"<blockquote class=\"wp-embedded-content\" data-secret=\"BEIoHZtirc\"><a href=\"https:\/\/www.trabajodeprocesos.net\/es\/pre-inscripcion-ano-base-madrid-2026\/\">Pre-Inscripci\u00f3n A\u00f1o Base Madrid 2026<\/a><\/blockquote><iframe sandbox=\"allow-scripts\" security=\"restricted\" src=\"https:\/\/www.trabajodeprocesos.net\/es\/pre-inscripcion-ano-base-madrid-2026\/embed\/#?secret=BEIoHZtirc\" width=\"600\" height=\"338\" title=\"\u00abPre-Inscripci\u00f3n A\u00f1o Base Madrid 2026\u00bb \u2014 Trabajo de Procesos\" data-secret=\"BEIoHZtirc\" frameborder=\"0\" marginwidth=\"0\" marginheight=\"0\" scrolling=\"no\" class=\"wp-embedded-content\"><\/iframe><script type=\"text\/javascript\">\n\/* <![CDATA[ *\/\n\/*! This file is auto-generated *\/\n!function(d,l){\"use strict\";l.querySelector&&d.addEventListener&&\"undefined\"!=typeof URL&&(d.wp=d.wp||{},d.wp.receiveEmbedMessage||(d.wp.receiveEmbedMessage=function(e){var t=e.data;if((t||t.secret||t.message||t.value)&&!\/[^a-zA-Z0-9]\/.test(t.secret)){for(var s,r,n,a=l.querySelectorAll('iframe[data-secret=\"'+t.secret+'\"]'),o=l.querySelectorAll('blockquote[data-secret=\"'+t.secret+'\"]'),c=new RegExp(\"^https?:$\",\"i\"),i=0;i<o.length;i++)o[i].style.display=\"none\";for(i=0;i<a.length;i++)s=a[i],e.source===s.contentWindow&&(s.removeAttribute(\"style\"),\"height\"===t.message?(1e3<(r=parseInt(t.value,10))?r=1e3:~~r<200&&(r=200),s.height=r):\"link\"===t.message&&(r=new URL(s.getAttribute(\"src\")),n=new URL(t.value),c.test(n.protocol))&&n.host===r.host&&l.activeElement===s&&(d.top.location.href=t.value))}},d.addEventListener(\"message\",d.wp.receiveEmbedMessage,!1),l.addEventListener(\"DOMContentLoaded\",function(){for(var e,t,s=l.querySelectorAll(\"iframe.wp-embedded-content\"),r=0;r<s.length;r++)(t=(e=s[r]).getAttribute(\"data-secret\"))||(t=Math.random().toString(36).substring(2,12),e.src+=\"#?secret=\"+t,e.setAttribute(\"data-secret\",t)),e.contentWindow.postMessage({message:\"ready\",secret:t},\"*\")},!1)))}(window,document);\n\/* ]]> *\/\n<\/script>\n","description":"Te sugerimos que leas atentamente la siguiente informaci\u00f3n antes de proceder a la pre-inscripci\u00f3n. PROGRAMA M\u00f3dulo 1: Trabajo interior &#8211; 27 feb. al 1\u00ba marzo M\u00f3dulo 2: Propio conflicto &#8211; 10 al 12 de abril M\u00f3dulo 3: Estilos de facilitaci\u00f3n &#8211; 5 al 7 de junio M\u00f3dulo 4: Gesti\u00f3n de agresiones machistas en organizaciones &#8211; [&hellip;]","thumbnail_url":"https:\/\/www.trabajodeprocesos.net\/wp-content\/uploads\/2025\/07\/12-de-julio-18.00-a-19.30hs-PRESENTACION-ONLINE-4-1024x576.png","thumbnail_width":1024,"thumbnail_height":576}

Pre-Inscripción Año Base Madrid 2026 - Trabajo de Procesos

<blockquote class="wp-embedded-content" data-secret="BEIoHZtirc"><a href="https://www.trabajodeprocesos.net/es/pre-inscripcion-ano-base-madrid-2026/">Pre-Inscripción Año Base Madrid 2026</a></blockquote><iframe sandbox="allow-scripts" security="restricted" src="https://www.trabajodeprocesos.net/es/pre-inscripcion-ano-base-madrid-2026/embed/#?secret=BEIoHZtirc" width="600" height="338" title="«Pre-Inscripción Año Base Madrid 2026» — Trabajo de Procesos" data-secret="BEIoHZtirc" frameborder="0" marginwidth="0" marginheight="0" scrolling="no" class="wp-embedded-content"></iframe><script type="text/javascript">
/* <![CDATA[ */
/*! This file is auto-generated */
!function(d,l){"use strict";l.querySelector&&d.addEventListener&&"undefined"!=typeof URL&&(d.wp=d.wp||{},d.wp.receiveEmbedMessage||(d.wp.receiveEmbedMessage=function(e){var t=e.data;if((t||t.secret||t.message||t.value)&&!/[^a-zA-Z0-9]/.test(t.secret)){for(var s,r,n,a=l.querySelectorAll('iframe[data-secret="'+t.secret+'"]'),o=l.querySelectorAll('blockquote[data-secret="'+t.secret+'"]'),c=new RegExp("^https?:$","i"),i=0;i<o.length;i++)o[i].style.display="none";for(i=0;i<a.length;i++)s=a[i],e.source===s.contentWindow&&(s.removeAttribute("style"),"height"===t.message?(1e3<(r=parseInt(t.value,10))?r=1e3:~~r<200&&(r=200),s.height=r):"link"===t.message&&(r=new URL(s.getAttribute("src")),n=new URL(t.value),c.test(n.protocol))&&n.host===r.host&&l.activeElement===s&&(d.top.location.href=t.value))}},d.addEventListener("message",d.wp.receiveEmbedMessage,!1),l.addEventListener("DOMContentLoaded",function(){for(var e,t,s=l.querySelectorAll("iframe.wp-embedded-content"),r=0;r<s.length;r++)(t=(e=s[r]).getAttribute("data-secret"))||(t=Math.random().toString(36).substring(2,12),e.src+="#?secret="+t,e.setAttribute("data-secret",t)),e.contentWindow.postMessage({message:"ready",secret:t},"*")},!1)))}(window,document);
/* ]]> */
</script>

Te sugerimos que leas atentamente la siguiente información antes de proceder a la pre-inscripción. PROGRAMA Módulo 1: Trabajo interior &#8211; 27 feb. al 1º marzo Módulo 2: Propio conflicto &#8211; 10 al 12 de abril Módulo 3: Estilos de facilitación &#8211; 5 al 7 de junio Módulo 4: Gestión de agresiones machistas en organizaciones &#8211; [&hellip;]
