{"version":"1.0","provider_name":"Trabajo de Procesos","provider_url":"https:\/\/www.trabajodeprocesos.net\/es\/","title":"D\u00eda de la \u00e9tica ( 5 julio) + Intensivo Supervisi\u00f3n (6,7,8 julio) + d\u00eda entrenamiento Movimiento (9 julio) - Trabajo de Procesos","type":"rich","width":600,"height":338,"html":"<blockquote class=\"wp-embedded-content\" data-secret=\"VXFlE4Z7SG\"><a href=\"https:\/\/www.trabajodeprocesos.net\/es\/intensivo-supervisio-training-day-movimiento\/\">D\u00eda de la \u00e9tica ( 5 julio) + Intensivo Supervisi\u00f3n (6,7,8 julio) + d\u00eda entrenamiento Movimiento (9 julio)<\/a><\/blockquote><iframe sandbox=\"allow-scripts\" security=\"restricted\" src=\"https:\/\/www.trabajodeprocesos.net\/es\/intensivo-supervisio-training-day-movimiento\/embed\/#?secret=VXFlE4Z7SG\" width=\"600\" height=\"338\" title=\"\u00abD\u00eda de la \u00e9tica ( 5 julio) + Intensivo Supervisi\u00f3n (6,7,8 julio) + d\u00eda entrenamiento Movimiento (9 julio)\u00bb \u2014 Trabajo de Procesos\" data-secret=\"VXFlE4Z7SG\" frameborder=\"0\" marginwidth=\"0\" marginheight=\"0\" scrolling=\"no\" class=\"wp-embedded-content\"><\/iframe><script type=\"text\/javascript\">\n\/* <![CDATA[ *\/\n\/*! This file is auto-generated *\/\n!function(d,l){\"use strict\";l.querySelector&&d.addEventListener&&\"undefined\"!=typeof URL&&(d.wp=d.wp||{},d.wp.receiveEmbedMessage||(d.wp.receiveEmbedMessage=function(e){var t=e.data;if((t||t.secret||t.message||t.value)&&!\/[^a-zA-Z0-9]\/.test(t.secret)){for(var s,r,n,a=l.querySelectorAll('iframe[data-secret=\"'+t.secret+'\"]'),o=l.querySelectorAll('blockquote[data-secret=\"'+t.secret+'\"]'),c=new RegExp(\"^https?:$\",\"i\"),i=0;i<o.length;i++)o[i].style.display=\"none\";for(i=0;i<a.length;i++)s=a[i],e.source===s.contentWindow&&(s.removeAttribute(\"style\"),\"height\"===t.message?(1e3<(r=parseInt(t.value,10))?r=1e3:~~r<200&&(r=200),s.height=r):\"link\"===t.message&&(r=new URL(s.getAttribute(\"src\")),n=new URL(t.value),c.test(n.protocol))&&n.host===r.host&&l.activeElement===s&&(d.top.location.href=t.value))}},d.addEventListener(\"message\",d.wp.receiveEmbedMessage,!1),l.addEventListener(\"DOMContentLoaded\",function(){for(var e,t,s=l.querySelectorAll(\"iframe.wp-embedded-content\"),r=0;r<s.length;r++)(t=(e=s[r]).getAttribute(\"data-secret\"))||(t=Math.random().toString(36).substring(2,12),e.src+=\"#?secret=\"+t,e.setAttribute(\"data-secret\",t)),e.contentWindow.postMessage({message:\"ready\",secret:t},\"*\")},!1)))}(window,document);\n\/* ]]> *\/\n<\/script>\n","thumbnail_url":"https:\/\/www.trabajodeprocesos.net\/wp-content\/uploads\/2018\/01\/WEB1.jpg","thumbnail_width":900,"thumbnail_height":600,"description":"&nbsp; Abrimos inscripciones para: D\u00eda \u00c9TICA (Boris Sopko y Anna Espadal\u00e9): Jueves 5 de julio: 10h-14h y de 15:30h a 17:30h INTENSIVO SUPERVISI\u00d3N (con\u00a0Gill Emslie, Lilly Vassilou y Kate Jobe) Viernes 6, S\u00e1bado 7 y Domingo 8 julio: 10h-14h y de 15:30h a 17:30h D\u00eda MOVIMIENTO (Kate Jobe) Lunes 9 de julio: 10h-13.30h y de [&hellip;]"}

Día de la ética ( 5 julio) + Intensivo Supervisión (6,7,8 julio) + día entrenamiento Movimiento (9 julio) - Trabajo de Procesos

<blockquote class="wp-embedded-content" data-secret="VXFlE4Z7SG"><a href="https://www.trabajodeprocesos.net/es/intensivo-supervisio-training-day-movimiento/">Día de la ética ( 5 julio) + Intensivo Supervisión (6,7,8 julio) + día entrenamiento Movimiento (9 julio)</a></blockquote><iframe sandbox="allow-scripts" security="restricted" src="https://www.trabajodeprocesos.net/es/intensivo-supervisio-training-day-movimiento/embed/#?secret=VXFlE4Z7SG" width="600" height="338" title="«Día de la ética ( 5 julio) + Intensivo Supervisión (6,7,8 julio) + día entrenamiento Movimiento (9 julio)» — Trabajo de Procesos" data-secret="VXFlE4Z7SG" frameborder="0" marginwidth="0" marginheight="0" scrolling="no" class="wp-embedded-content"></iframe><script type="text/javascript">
/* <![CDATA[ */
/*! This file is auto-generated */
!function(d,l){"use strict";l.querySelector&&d.addEventListener&&"undefined"!=typeof URL&&(d.wp=d.wp||{},d.wp.receiveEmbedMessage||(d.wp.receiveEmbedMessage=function(e){var t=e.data;if((t||t.secret||t.message||t.value)&&!/[^a-zA-Z0-9]/.test(t.secret)){for(var s,r,n,a=l.querySelectorAll('iframe[data-secret="'+t.secret+'"]'),o=l.querySelectorAll('blockquote[data-secret="'+t.secret+'"]'),c=new RegExp("^https?:$","i"),i=0;i<o.length;i++)o[i].style.display="none";for(i=0;i<a.length;i++)s=a[i],e.source===s.contentWindow&&(s.removeAttribute("style"),"height"===t.message?(1e3<(r=parseInt(t.value,10))?r=1e3:~~r<200&&(r=200),s.height=r):"link"===t.message&&(r=new URL(s.getAttribute("src")),n=new URL(t.value),c.test(n.protocol))&&n.host===r.host&&l.activeElement===s&&(d.top.location.href=t.value))}},d.addEventListener("message",d.wp.receiveEmbedMessage,!1),l.addEventListener("DOMContentLoaded",function(){for(var e,t,s=l.querySelectorAll("iframe.wp-embedded-content"),r=0;r<s.length;r++)(t=(e=s[r]).getAttribute("data-secret"))||(t=Math.random().toString(36).substring(2,12),e.src+="#?secret="+t,e.setAttribute("data-secret",t)),e.contentWindow.postMessage({message:"ready",secret:t},"*")},!1)))}(window,document);
/* ]]> */
</script>

&nbsp; Abrimos inscripciones para: Día ÉTICA (Boris Sopko y Anna Espadalé): Jueves 5 de julio: 10h-14h y de 15:30h a 17:30h INTENSIVO SUPERVISIÓN (con Gill Emslie, Lilly Vassilou y Kate Jobe) Viernes 6, Sábado 7 y Domingo 8 julio: 10h-14h y de 15:30h a 17:30h Día MOVIMIENTO (Kate Jobe) Lunes 9 de julio: 10h-13.30h y de [&hellip;]
